 17120?
214
Calculate the highest common divisor of 156 and 54444.
156
Calculate the greatest common divisor of 580 and 3210.
10
What is the greatest common divisor of 5600 and 4400?
400
What is the greatest common divisor of 300 and 2140?
20
Calculate the greatest common factor of 99 and 176715.
99
What is the highest common divisor of 15 and 138995?
5
Calculate the greatest common divisor of 124573 and 1388.
347
Calculate the greatest common factor of 3120 and 285.
15
Calculate the greatest common factor of 84196 and 252.
28
What is the greatest common divisor of 23 and 6424774?
23
Calculate the greatest common divisor of 18792 and 11259.
81
Calculate the greatest common divisor of 55132 and 39116.
308
Calculate the greatest common divisor of 56427 and 42.
21
What is the highest common divisor of 15795 and 455?
65
Calculate the greatest common divisor of 375 and 334140.
15
What is the highest common divisor of 24087 and 22866?
111
Calculate the highest common factor of 7 and 318731.
7
Calculate the greatest common factor of 107250 and 11.
11
What is the highest common factor of 904 and 68591?
113
Calculate the highest common factor of 602006 and 362.
362
Calculate the greatest common divisor of 646797 and 444.
111
What is the highest common divisor of 700416 and 684?
684
Calculate the highest common factor of 327 and 37169.
109
Calculate the highest common factor of 1752 and 365.
73
Calculate the greatest common factor of 32 and 29152.
32
Calculate the greatest common factor of 422 and 110353.
211
What is the greatest common divisor of 5946 and 48?
6
Calculate the highest common divisor of 25578 and 7140.
42
What is the greatest common factor of 18 and 2253330?
18
Calculate the greatest common factor of 24335 and 3875.
155
What is the highest common divisor of 52512 and 416?
32
Calculate the highest common factor of 206137 and 556.
139
Calculate the highest common factor of 26 and 579475.
13
Calculate the greatest common divisor of 22824 and 45.
9
Calculate the greatest common factor of 31 and 76415.
31
What is the highest common factor of 75384 and 4104?
216
Calculate the greatest common divisor of 47 and 2550643.
47
What is the greatest common divisor of 682028 and 5105?
1021
What is the highest common factor of 42980 and 458044?
1228
Calculate the greatest common divisor of 1558 and 494.
38
What is the highest common divisor of 16384 and 3328?
256
What is the highest common divisor of 260 and 4220?
20
Calculate the highest common divisor of 345 and 88803.
69
What is the highest common divisor of 7408 and 1?
1
What is the greatest common divisor of 10 and 2087990?
10
What is the greatest common divisor of 12760 and 114400?
440
What is the highest common factor of 653814 and 126?
126
Calculate the greatest common divisor of 1606368 and 4176.
1392
Calculate the highest common divisor of 98 and 15442.
14
What is the greatest common divisor of 30 and 3036?
6
What is the highest common factor of 116 and 210656?
116
Calculate the greatest common factor of 203528 and 5768.
824
What is the highest common divisor of 24890 and 6270?
190
Calculate the highest common factor of 492 and 37761.
123
What is the highest common factor of 6206 and 928?
58
Calculate the greatest common factor of 14425 and 125.
25
What is the greatest common divisor of 49 and 109613?
49
What is the highest common divisor of 155 and 12958?
31
What is the greatest common factor of 66 and 166199?
11
What is the highest common factor of 11176 and 6952?
88
Calculate the greatest common factor of 4820 and 3796.
4
What is the highest common divisor of 1887410 and 1770?
590
What is the greatest common divisor of 75185 and 495?
55
Calculate the highest common divisor of 1615 and 804950.
85
Calculate the greatest common divisor of 136 and 1105884.
68
Calculate the highest common factor of 53250 and 50.
50
Calculate the greatest common divisor of 299 and 1924.
13
Calculate the greatest common divisor of 1060 and 2977540.
1060
Calculate the greatest common divisor of 30 and 48045.
15
What is the highest common divisor of 3030 and 14663685?
1515
What is the greatest common factor of 1295 and 36889?
37
What is the greatest common factor of 4925960 and 520?
520
What is the greatest common factor of 1245336 and 456?
456
What is the greatest common factor of 1318 and 99509?
659
What is the greatest common factor of 934 and 80?
2
Calculate the highest common divisor of 4 and 37078.
2
What is the highest common factor of 1461 and 78?
3
Calculate the greatest common factor of 44828 and 1638.
14
Calculate the highest common divisor of 736 and 760104.
184
Calculate the highest common divisor of 26 and 3430258.
26
Calculate the greatest common factor of 72512 and 792.
88
What is the highest common divisor of 201480 and 300?
60
What is the highest common divisor of 356 and 31150?
178
Calculate the highest common factor of 16 and 9600.
16
What is the highest common divisor of 1020964 and 196?
196
Calculate the highest common factor of 130 and 24778.
26
Calculate the greatest common divisor of 130165 and 1015.
35
Calculate the greatest common factor of 2103533 and 711.
79
What is the highest common factor of 4 and 13751?
1
Calculate the highest common divisor of 468 and 689949.
117
What is the greatest common factor of 51454 and 702?
26
Calculate the greatest common divisor of 104069 and 70.
7
Calculate the greatest common factor of 19 and 17879.
19
Calculate the greatest common factor of 28221 and 621.
69
What is the highest common divisor of 113658 and 1482?
114
What is the greatest common factor of 163914 and 2958?
102
What is the highest common divisor of 112570 and 5?
5
Calculate the greatest common factor of 45 and 42645.
15
What is the greatest common divisor of 11340 and 2940?
420
What is the highest common divisor of 356720 and 360?
40
What is the greatest common factor of 2419 and 41861?
41
Calculate the greatest common divisor of 300 and 14010.
30
What is the greatest common divisor of 24618 and 1166?
22
Calculate the highest common divisor of 330 and 20430.
30
What is the greatest common divisor of 1724 and 68?
4
What is the greatest common factor of 15941 and 57?
19
What is the greatest common factor of 531 and 288097?
59
Calculate the highest common factor of 36951 and 63111.
327
What is the greatest common factor of 19182 and 575?
23
What is the highest common divisor of 608 and 21704?
8
What is the greatest common factor of 13090 and 660?
110
Calculate the greatest common divisor of 160846 and 70.
14
Calculate the greatest common divisor of 231 and 4809.
21
Calculate the highest common divisor of 4422 and 6996.
66
What is the highest common divisor of 2245 and 7245?
5
Calculate the highest common divisor of 278578 and 152.
38
What is the greatest common factor of 8900 and 9256?
356
Calculate the highest common factor of 136 and 63988.
68
What is the highest common divisor of 10520 and 248?
8
Calculate the greatest common divisor of 1020 and 11280.
60
Calculate the highest common divisor of 8949 and 969.
57
What is the greatest common divisor of 24163 and 511?
73
Calculate the greatest common divisor of 175 and 1496075.
175
Calculate the highest common divisor of 1005 and 13910.
5
What is the highest common divisor of 280632 and 1584?
264
What is the highest common divisor of 86296 and 24472?
1288
What is the highest common divisor of 11836 and 9953?
269
What is the greatest common factor of 502519 and 316?
79
What is the greatest common factor of 2673060 and 1495?
1495
What is the highest common factor of 6216 and 12099?
111
What is the greatest common factor of 582864 and 32?
16
Calculate the highest common divisor of 9856 and 1707904.
1408
Calculate the greatest common divisor of 1450 and 29609.
29
What is the highest common divisor of 1615 and 171?
19
Calculate the greatest common divisor of 238 and 63682.
34
What is the highest common divisor of 35207 and 813467?
1853
What is the greatest common divisor of 3452 and 334?
2
Calculate the highest common divisor of 13 and 461929.
13
Calculate the greatest common divisor of 73051 and 1276.
319
Calculate the greatest common factor of 59216 and 8.
8
What is the greatest common divisor of 49 and 39137?
7
What is the greatest common div